hat is -2 - -418373?
418371
In base 7, what is 2441362 + -4?
2441355
In base 11, what is 1a743 + -a?
1a734
In base 16, what is -4c - -11e?
d2
In base 15, what is -16 - -a09?
9e3
In base 7, what is 51020 + -3?
51014
In base 8, what is -2 + 725076?
725074
In base 7, what is -2523 - 5254?
-11110
In base 8, what is 2 + -141605?
-141603
In base 11, what is -15a5 + -3?
-15a8
In base 14, what is -a + -458?
-464
In base 4, what is 11 - -231232132?
231232203
In base 15, what is b5669 + -3?
b5666
In base 13, what is c + -6559?
-654a
In base 3, what is 102101022 + -101?
102100221
In base 4, what is -3302222 + 11?
-3302211
In base 7, what is 324 + 11510?
12134
In base 15, what is 14 - -5ee?
613
In base 5, what is 10422 + 1303?
12230
In base 11, what is 637a6 - -19?
63814
In base 10, what is -8912 - 1?
-8913
In base 5, what is -410004222 + 0?
-410004222
In base 3, what is 12 - -10112202210?
10112202222
In base 6, what is 2 - 3244412?
-3244410
In base 11, what is 9283 - 85?
91a9
In base 2, what is 100100000101111010 - 0?
100100000101111010
In base 13, what is -3 - -509?
506
In base 13, what is -212 + -81?
-293
In base 10, what is 4 + -108743?
-108739
In base 11, what is 20599 + 18?
20606
In base 12, what is -20 + a0?
80
In base 16, what is -35c - 2e?
-38a
In base 12, what is 7aa94 - -2?
7aa96
In base 15, what is -4 + a04b?
a047
In base 8, what is -225 - 2021?
-2246
In base 7, what is 13 - 621446?
-621433
In base 16, what is 17 - b84?
-b6d
In base 6, what is -1003141 + 43?
-1003054
In base 4, what is 3133 + 131120?
200313
In base 10, what is -26 + -1059?
-1085
In base 3, what is 22120102110 + -2?
22120102101
In base 8, what is 146547 - -5?
146554
In base 14, what is 180 + 1b7?
357
In base 16, what is 157dd + 5?
157e2
In base 7, what is 23 - 2616?
-2563
In base 12, what is 9b65 + 31?
9b96
In base 8, what is 6070 - -111?
6201
In base 8, what is 5405636 - -3?
5405641
In base 16, what is 2 - -10e70?
10e72
In base 10, what is -52311 - 16?
-52327
In base 13, what is -c99 - 9?
-ca5
In base 9, what is -2 - 2801688?
-2801701
In base 15, what is -4 - 1d9ca?
-1d9ce
In base 5, what is 30100 + -3431?
21114
In base 3, what is 11022102 - 211?
11021121
In base 12, what is -7 - 5500?
-5507
In base 15, what is -a2 - 17b5?
-1867
In base 4, what is 3010103 - -11?
3010120
In base 11, what is -57 - -618?
571
In base 10, what is -7 + -16793?
-16800
In base 9, what is 0 - 36821?
-36821
In base 16, what is -e2e - 1?
-e2f
In base 11, what is -5a80 + -259?
-6229
In base 7, what is 6 + 234064?
234103
In base 4, what is 102 - 3232103?
-3232001
In base 3, what is -11 - 10112020200?
-10112020211
In base 4, what is -302 - 2301?
-3203
In base 3, what is 2101 + 10202022?
10211200
In base 5, what is 3341140 - 22?
3341113
In base 13, what is 5 + -6bb83?
-6bb7b
In base 3, what is -10210211 - 222?
-10211210
In base 15, what is -790 + 3?
-78c
In base 10, what is 535 + -68?
467
In base 10, what is -14 - 212752?
-212766
In base 7, what is 3001 + -3425?
-424
In base 3, what is 101010020112 - 121?
101010012221
In base 14, what is -1dd - -9?
-1d4
In base 3, what is 2101011 + 122?
2101210
In base 5, what is -334042103 - 0?
-334042103
In base 3, what is 211221122 + 10?
211221202
In base 10, what is 92 + -23?
69
In base 6, what is 1334410 - -11?
1334421
In base 5, what is -104312 - -204?
-104103
In base 10, what is -5 - 90181?
-90186
In base 12, what is 23 + -809?
-7a6
In base 11, what is -367 + 546?
18a
In base 9, what is 22 - 683?
-661
In base 4, what is -10 - -202302300?
202302230
In base 12, what is -4990 - -5?
-4987
In base 2, what is -100 - -1111110110011011?
1111110110010111
In base 14, what is d6a + 170?
10da
In base 10, what is -962 + 3?
-959
In base 6, what is 154500 + 33?
154533
In base 10, what is 14 + 29168?
29182
In base 9, what is -733 - 46?
-780
In base 6, what is -20 + -435?
-455
In base 11, what is 1422 + -117?
1306
In base 3, what is 11 + 2222012110?
2222012121
In base 4, what is 1 + -10031320310?
-10031320303
In base 3, what is 10012101020 + -10?
10012101010
In base 4, what is 202300 + -11102?
131132
In base 16, what is -1ad019 - 4?
-1ad01d
In base 15, what is 279 + 148?
3c2
In base 12, what is 88 + 543?
60b
In base 2, what is 1000 - 11111101110100?
-11111101101100
In base 2, what is 10 + -10011010100110?
-10011010100100
In base 2, what is -111111110 - 1111001?
-1001110111
In base 14, what is -db2 - 4?
-db6
In base 10, what is 8 + 18729?
18737
In base 12, what is 57 - -19a2?
1a39
In base 15, what is 1179 + -e4?
1085
In base 13, what is 1a2 - 2800?
-262b
In base 15, what is 5 - -ec0c?
ec12
In base 6, what is 11342032 + -4?
11342024
In base 4, what is 3 + 1230103103?
1230103112
In base 5, what is 1040 + -103431?
-102341
In base 9, what is -13 - -32346?
32333
In base 7, what is 44121 - -1?
44122
In base 6, what is -240100 + -53?
-240153
In base 8, what is -2110 - -243?
-1645
In base 7, what is -24656365 - 2?
-24656400
In base 5, what is 1 + -131031303?
-131031302
In base 9, what is -131 - -221?
80
In base 6, what is 1 + -2100453?
-2100452
In base 2, what is 1000111100111 + -11001?
1000111001110
In base 11, what is 54 + -135?
-91
In base 15, what is -347bc + 1?
-347bb
In base 10, what is -148388 - -4?
-148384
In base 16, what is aa + -5?
a5
In base 12, what is -3a + -8667?
-86a5
In base 6, what is -20201 - -444?
-15313
In base 7, what is -3 + 2441164?
2441161
In base 12, what is -113b88 + -5?
-113b91
In base 5, what is -3 - 221303431?
-221303434
In base 3, what is -111022212 - -202?
-111022010
In base 14, what is -1c69 + b?
-1c5c
In base 2, what is 1001100101010 - 1?
1001100101001
In base 5, what is 30012 + 30442?
111004
In base 9, what is 68 + -432?
-353
In base 14, what is -3c - 15c7?
-1625
In base 6, what is 13 - 203332?
-203315
In base 16, what is -21a - 4a?
-264
In base 3, what is -1110021112021 + -12?
-1110021112110
In base 6, what is 11454 - 3?
11451
In base 8, what is -2430 + 2?
-2426
In base 16, what is -1 + -7a84?
-7a85
In base 3, what is -2 + 11120020220?
11120020211
In base 15, what is -12c - -17b?
4e
In base 15, what is 190c - 1?
190b
In base 5, what is 20031 - -13?
20044
In base 16, what is -1 + 1048af?
1048ae
In base 12, what is 6 + -29bb?
-29b5
In base 2, what is -10010101 - -1001011111001?
1001001100100
In base 10, what is -81 - 122?
-203
In base 12, what is 7a26 - -1?
7a27
In base 3, what is -111122 + 1012?
-110110
In base 7, what is 3 + 1043456?
1043462
In base 3, what is 101110001 - -1002?
101111010
In base 2, what is 101100 + -100001011110?
-100000110010
In base 7, what is -221654 - -5?
-221646
In base 9, what is -1356 - -3471?
2114
In base 10, what is 108821 - -1?
108822
In base 6, what is -43540 + 115?
-43421
In base 10, what is 10 - 6828?
-6818
In base 15, what is -284b8 + 15?
-284a3
In base 11, what is 702796 - 3?
702793
In base 12, what is -3a3 - 1b7?
-59a
In base 6, what is -220324 - 134?
-220502
In base 13, what is 5 - -10212?
10217
In base 3, what is -12110200 - -2021?
-12101102
In base 13, what is 7c + -8?
74
In base 3, what is -210010 - 2201?
-212211
In base 15, what is -2 - -960e?
960c
In base 11, what is 5a855 - -1?
5a856
In base 4, what is 13031 - -120212?
133303
In base 16, what is -64be + d8?
-63e6
In base 10, what is -457156 - -4?
-457152
In base 5, what is 100 + 201340?
201440
In base 2, what is 110100 - 1011?
101001
In base 7, what is -3412 - 460?
-4202
In base 6, what is -1201 + 1155?
-2
In base 16, what is -b7 + 54c?
495
In base 13, what is 1c5723 - -4?
1c5727
In base 5, what is 4311 + 300?
10111
In base 13, what is 18 + 1759?
1774
In base 11, what is -248 + a4?
-154
In base 9, what is 5 - -1220421?
1220426
In base 2, what is 100011111011000 - 1010110?
100011110000010
In base 5, what is -3323 + 133?
-3140
In base 11, what is 21842 - -31?
21873
In base 13, what is -4 + 151c2?
151bb
In base 14, what is 59 + 2bb?
336
In base 12, what is 15a2 + b?
15b1
In base 12, what is 1a27 + -3a?
19a9
In base 12, what is -33ba1 + 58?
-33b45
In base 9, what is 28 - -233154?
233183
In base 4, what is -202332 - 20?
-203012
In base 6, what is 14501 - 3?
14454
In base 5, what is 3302 + -102313?
-44011
In base 9, what is -2 - -278123?
278121
In base 6, what is -411431 - 15?
-411450
In base 16, what is -6059c - -1?
-6059b
In base 5, what is 122444223 + 10?
122444233
